8*h + m = 57*h. Suppose 4*t - 304 = -2*u, -3*t + 3*u + 28 = -218. What is the highest common factor of h and t?
13
Suppose -v = -66 - 154. Let g = 296 - v. What is the greatest common divisor of 38 and g?
38
Let o(f) = -37*f**2 - 717*f + 14. Let m be o(-13). What is the greatest common divisor of m and 92?
46
Let u be ((-22)/(-77)*-28)/((-6)/9). What is the highest common divisor of u and 771?
3
Let c be (-6*(-6)/(-30))/(4/10). Let m(p) = 10*p**2 + 2*p + 9. Let y be m(c). What is the greatest common divisor of y and 62?
31
Let d = 21869 - 16721. What is the greatest common factor of 2223 and d?
117
Let h(c) = 2*c**2 - 4*c - 38. Let q(t) = 27*t - 35. Let v be q(1). Let g be h(v). Calculate the greatest common factor of 61 and g.
61
Suppose 2*b - b - 2 = 0. Suppose -198 = -b*z - 4*z. Suppose z = j - 2. What is the highest common divisor of j and 140?
35
Suppose -72*b + 278464 = 57*b - 53*b. Calculate the highest common divisor of 32 and b.
16
Suppose -15*x - 461 + 7106 = 0. Let w = x + -431. Let g = 5 - 4. What is the greatest common divisor of g and w?
1
Suppose -18*g + 31 - 24 = -47. Calculate the greatest common factor of g and 21.
3
Let u = 518 + -440. What is the greatest common factor of u and 258?
6
Let i = 97 + -87. Let z(a) = 2 + i - 11*a + 10 - 5. Let v be z(-3). Calculate the greatest common divisor of 200 and v.
50
Let y be 12/(-102) - (-922)/34. Let m = y - 12. Suppose 12*l = 10*l + 12. Calculate the highest common divisor of m and l.
3
Let a be (-2976)/(-10) - (-105)/(-175). What is the greatest common factor of 81 and a?
27
Let w(i) be the first derivative of 285*i**2/2 - 137*i + 158. Let o be w(4). What is the greatest common factor of o and 59?
59
Suppose 0 = -3*s - d - 304, -5*s + 3*d = 7*d + 509. Let h = s - -68. Let k = h + 63. What is the greatest common factor of k and 6?
6
Let t(v) = -v**3 - 9*v**2 - 10*v - 15. Let q be t(-8). Let g be (-8)/((-4)/q) + 234/3. Let f = 36 + -26. Calculate the greatest common factor of f and g.
10
Let g be 120/(((-10)/(-15))/((-2)/(-2))). Suppose o + 543 = 4*s - 0*o, -4*s - 3*o + 531 = 0. What is the greatest common factor of g and s?
45
Suppose -5*k + 25 = 3*t - 10*k, -t - 5*k = -15. Let o be 0/(-5 + t) - -45. Suppose -4*j = -2*j - 10. Calculate the greatest common divisor of j and o.
5
Let t be (-5)/10 + 812/8. Suppose -3*f - t = -269. What is the greatest common factor of 112 and f?
56
Let h be -5 - -2 - 78/(-2). Suppose -4*v = -3*x + 122, 100 = -5*v - 3*x - 39. Let m = h + v. Calculate the highest common divisor of m and 77.
7
Suppose 288*h - 14625 = -308*h - 2705. Calculate the highest common factor of h and 52.
4
Let j(x) = -53*x - 334. Let h be (66/231)/(2/(-56)). Let c be j(h). Calculate the greatest common divisor of c and 180.
90
Let s be (-12)/18 - (-113)/3. Suppose 41*i - 480 = s*i. Suppose 5*g + 2*y = 242, 0 = g + 5*y - 34 - 19. Calculate the greatest common factor of i and g.
24
Let g(j) = 25*j - 13 + 10 + 3. Let f be g(7). Suppose 2*h - f = -a + h, -h - 695 = -4*a. What is the highest common divisor of 116 and a?
58
Let p be (-1550)/(-6)*(18 - 162/10). What is the highest common factor of 135 and p?
15
Let j(x) = 2*x**2 + 8*x + 5. Let l be j(-6). Suppose -3*t = 9, -13*y = -11*y + 3*t - 281. Calculate the highest common factor of y and l.
29
Let v(i) = 121*i - 6060. Let y be v(55). What is the greatest common divisor of y and 765?
85
Let a(l) = -12 + 147*l + 26 - 72*l - 448. Let p be a(7). Calculate the greatest common divisor of 7 and p.
7
Let b = 17400 - 17321. What is the highest common factor of 6557 and b?
79
Suppose -15*p - 7*p + 5925 = -7*p. Calculate the greatest common factor of 10 and p.
5
Let f = 1330 - 1299. What is the greatest common factor of f and 18383?
31
Let g(s) = 219 + 2*s + 0*s - 106 + 9*s**2 - 115. Suppose 0 = 2*y + f - 2, -2*f = -y + 2*f + 10. Let b be g(y). What is the greatest common divisor of b and 19?
19
Suppose 3*j + 5*k - 658 = 0, -2*k = -18*j + 16*j + 444. What is the greatest common divisor of 26 and j?
13
Suppose 5*s + 2428 = 2928. What is the greatest common divisor of s and 2050?
50
Suppose -5*u - 36 = -51. Let h(y) = y + 21. Let v be h(u). Calculate the highest common divisor of 3 and v.
3
Let o = -91 - -95. Let n(y) = -24*y + 108. Let r be n(o). Suppose 2*a + 0 = 96. Calculate the highest common factor of r and a.
12
Let o be ((-24)/66)/((-4)/22). Suppose 0 = -5*u - 5, -5*u + 25 = -o*m. Let l = m - -19. What is the highest common divisor of 32 and l?
4
Let b be 4*(-4)/(-120) - -1*1460/300. Let r(s) = -22*s + 6. Let u be r(-7). What is the highest common divisor of b and u?
5
Suppose -1634 - 586 = -183*j + 2172. Suppose 0 = -5*c + 7*c - 792. What is the greatest common factor of c and j?
12
Let l = 2 + 230. Calculate the greatest common factor of l and 87.
29
Let h = -36 + 35. Let q be (69/3)/(((-4)/h)/4). Suppose -q = -6*d + 481. What is the highest common divisor of d and 21?
21
Suppose 4*k + 127 = 623. Let i = -40 + k. What is the greatest common factor of 210 and i?
42
Let r be -6*(-5)/(-2)*(-48)/(-40). Let y be ((-4)/3)/(r/567). What is the highest common divisor of y and 14?
14
Let k be 867/374 + 2/11 - 5/(-10). Let v be 1/(-2) - (-10)/4. Suppose 2*a = -4*l + 30, 0 = k*a - v*l - 3 - 26. What is the highest common divisor of 11 and a?
11
Suppose 66*v - 743 = 1601 + 560. Let o be 2/(-8) - (-892)/(-16). Let g = o + 100. What is the highest common divisor of v and g?
44
Suppose 0 = 3*j + 48 + 1128. Let c be j + 4/(-2) - 0/2. Let d = c + 583. What is the highest common divisor of d and 27?
27
Suppose 0 = 3*d + 30 - 129. Let g = d - -99. What is the highest common divisor of g and 12?
12
Let s = 1144 - 948. Calculate the highest common divisor of s and 952.
28
Let j be 1084/14 - (-6)/(-14). Suppose 13 = 10*q - 47. Let y be q/(-24) - ((-1330)/8)/5. Calculate the greatest common factor of j and y.
11
Let g = 11 + -3. Let z = 92 + -88. Suppose 2*p - z*a = 184, 2*a = -5*p + 317 + 119. Calculate the greatest common factor of g and p.
8
Let b be ((-5730)/11)/(-6) + (-40)/(-220). Calculate the highest common factor of b and 5568.
87
Let p = -4067 + 4262. What is the highest common factor of 715 and p?
65
Suppose 6 - 2 = -3*k + 5*j, 4*k - 8 = 4*j. Let i be 51*1*k/21. Suppose 5*w - 73 = -4*z, 2*w = -6*z + 5*z + 31. Calculate the highest common divisor of i and w.
17
Suppose 0 = -3*b - 5*r - 10, -4*b + 10 - 2 = -4*r. Let n = b - -23. Suppose -13*l + 2491 - 996 = 0. What is the highest common divisor of n and l?
23
Let y = -162 - -175. Let q(b) = -b**3 + 13*b**2 + 10*b + 59. Let c be q(y). Calculate the highest common factor of c and 14.
7
Suppose -265 = -4*o + 5*h, 2*h - 67 = -o + 3*h. Suppose -14*s - 34 = -118. Let m = 14 + s. What is the greatest common factor of m and o?
10
Let z = 81 + -78. Suppose 0 = 26*g - 27*g + z. Suppose 0 = -5*s - 0*s + 5*a + 40, 0 = -3*s - g*a + 12. Calculate the greatest common divisor of 6 and s.
6
Suppose -4*f + 4*b + 20 = 0, 3*f - 2 = 4*b + 15. Calculate the greatest common factor of 1011 and f.
3
Suppose -2*o - 240 = 4*o. Let w = o + 23. Let g = 37 + w. What is the highest common factor of g and 2?
2
Let t be ((-28)/(-3))/((-4)/(-18)). Suppose -2*c - 3*c = -5. Let g = 106 - c. What is the highest common factor of g and t?
21
Let n(i) = i + 4*i**3 - 3*i**3 - i**2 - 15*i**2 - 22*i + 6*i**2. Let s be n(12). Calculate the greatest common divisor of s and 84.
12
Let u = 71153 + -70709. Suppose 2 = p - 10. Calculate the highest common divisor of u and p.
12
Let j be 5/(-60) + (-850545)/(-540). What is the highest common factor of j and 480?
15
Let j(c) = -8*c + 29. Let k be j(9). Let p = -18 - k. Calculate the highest common factor of p and 200.
25
Suppose 0 = 3*t, 620 = 4*u + 445*t - 446*t. Calculate the highest common divisor of u and 3751.
31
Suppose 4*l - 4 = -4*p, 0 = 5*p + 3*l - 6 - 5. Suppose -20*g + p*g + 2624 = 0. Calculate the highest common factor of g and 123.
41
Suppose 5*s + 16*w - 130 = 14*w, 2*w = 5*s - 110. Calculate the greatest common divisor of s and 1272.
24
Let w(v) = 10*v - 47. Let h be w(5). Suppose -b + 239 = h*i, 0 = 3*i + 4*b + 104 - 358. Calculate the highest common factor of i and 39.
39
Let x be (-5 + (-3 + 3)/(-9))*-5. What is the greatest common factor of x and 255?
5
Suppose -53*d + 23957